+ 213/t. Suppose 0 = -a - a + s. List the prime factors of a.
7
Let q = -21 + 57. What are the prime factors of q?
2, 3
Let j(t) = 5*t**2 - 2*t - 2. Let n be j(2). Suppose 6 = 2*z + n. What are the prime factors of (-50)/z - 6/4?
11
Let i(q) = -q**2 + 6*q + 6. What are the prime factors of i(5)?
11
Let c(z) = 3*z. Let g be c(-3). Let u = g - -14. Suppose 0 = u*w - 1 - 29. List the prime factors of w.
2, 3
Let k be 8/28 + 18/(-14). Let y = k - -3. What are the prime factors of y?
2
Let s(c) = 3*c**2 - 4. List the prime factors of s(5).
71
Let f be (6 + -1)*(-12)/10. What are the prime factors of (-275)/(-30) - (-1)/f?
3
Let x(q) = q**3 + q**2 + q + 2. Let u be x(0). Suppose 0 = u*i + 2*i - 20. List the prime factors of i.
5
Suppose 2*r + 4*z + z = 313, -20 = -4*z. Suppose n + 36 = 2*n - 5*p, -4*n - 4*p + r = 0. What are the prime factors of n?
2, 3
Let u = 54 - 18. Suppose 0 = -0*i - 3*i + u. List the prime factors of i.
2, 3
Suppose 3*a = -0*a - 12. Let z = 9 + a. List the prime factors of z.
5
Let n(k) = k**3 - 8*k**2 + k - 4. Let u be n(8). Suppose 2 = u*r - 2. Let l = r + 5. What are the prime factors of l?
2, 3
Let q be ((-2)/(-6))/(1/6). Let o = q + 17. What are the prime factors of o?
19
Let a = 13 + 3. Let h = -11 + a. Suppose -103 - 7 = -h*c. What are the prime factors of c?
2, 11
Suppose -36 = -5*a - 4*h, -3*a + 0*a + h + 8 = 0. List the prime factors of a.
2
Let m be 5 + -1*(-1 - -4). Suppose 18 - 84 = -m*o. List the prime factors of o.
3, 11
Suppose g + 5 = 19. Let x be (-2)/(-4) - g/(-4). Suppose x*v - 2 - 14 = 0. List the prime factors of v.
2
Let w be 0/(-5)*(0 + 1). Suppose -3*t + 6 = -w*t. Suppose 7 = c + t*n, 0 = 4*c - n - n - 8. What are the prime factors of c?
3
Suppose -i = -7*i + 300. What are the prime factors of i?
2, 5
Suppose 0 = r - 3*m + 8*m - 73, -2*m - 8 = 0. What are the prime factors of r?
3, 31
Let m(z) = z - 1. Let a be m(3). Let r(y) = -y**2 + 5*y - 2. Let j be r(a). What are the prime factors of ((-6)/j)/((-12)/64)?
2
Suppose 0 = -4*s - s + 4*u + 116, -2*s - 4*u = -52. List the prime factors of s.
2, 3
What are the prime factors of (720/(-21))/(20/7 + -3)?
2, 3, 5
Let l(w) = -3 - 3*w**2 + 1 + 2*w**2 + 11*w - 5. Suppose 9 - 1 = u. What are the prime factors of l(u)?
17
Suppose -3 + 24 = 3*v + 3*q, 3*q - 9 = 0. Let y be (2 - 0)/((-2)/(-19)). Suppose 5*a + 3*t - y = 0, -v*a + 4*t = 2*t - 24. What are the prime factors of a?
5
Suppose 5*z + 4*i = 17, 0 = -4*z + i - 2 + 24. Suppose z*n + 0*n - 30 = 0. What are the prime factors of n?
2, 3
Suppose -460 = -2*t - 3*t. Suppose 0*i = 4*i - t. What are the prime factors of i?
23
Suppose -5*x = 4*h - 141 - 158, h - 59 = 4*x. Let i = h + -51. What are the prime factors of i?
2, 5
Let u = 80 + -35. Suppose -2*s + 155 = u. Suppose 4*x - s = -x. What are the prime factors of x?
11
Let g(m) = -2*m - 8. Let i be 3*1/3 + -9. List the prime factors of g(i).
2
Let h be (-1)/2 + 108/8. Suppose h = -2*m - 15. Let k = m + 32. What are the prime factors of k?
2, 3
Suppose -3*s - 21 = 3*m, -4*m - 11 = m - 3*s. Let z be 3 + (-2)/2*1. What are the prime factors of -1*z - 52/m?
11
Let c(i) = i**2 + 4*i + 4. Let g be c(-7). What are the prime factors of g/2*2/1?
5
Suppose -p + 86 - 63 = 0. List the prime factors of p.
23
Let n(q) = -q - 2. Let b be n(-5). Suppose b*a + 4*j - 28 = 0, 3*a - 21 = a - 5*j. List the prime factors of a.
2
Suppose 335 = 5*r + 105. What are the prime factors of r?
2, 23
Suppose 3*w + i + 4*i = 12, 0 = -5*w - i + 42. Let c = w - 6. List the prime factors of c.
3
Let n = 0 - -5. Suppose 4 = -n*s + 24. Suppose m - 3*h = 7, s*m + 2 = -h + 17. List the prime factors of m.
2
Suppose -3*t + 2 = -2*t. Suppose -2*x + 4 = 2*r, 2*r + 8 = 3*x + 3*r. List the prime factors of 10 - (t - (-1 + x)).
2, 5
Let p = -18 - -10. What are the prime factors of (-58)/(-8) + (-6)/p?
2
Suppose 0 = 2*a - 7*a + 65. List the prime factors of a.
13
Let a = 3 - 5. List the prime factors of (-426)/(-27) - a/9.
2
Suppose 0 = -0*w + w - 5*a - 64, 2*w - 136 = 2*a. What are the prime factors of w?
3, 23
Let h be 18/(-3)*(-5)/2. Let a = h - 7. What are the prime factors of a?
2
Let g = 24 + -5. Suppose g = 3*c + o, -3*o + 23 = 3*c + 2. Suppose -5*q + 4*n = c*n - 27, 0 = -3*q + 3*n + 12. What are the prime factors of q?
5
Let q(a) = a**3 - 7*a**2 + a + 8. Suppose 2*z - 21 = -z. What are the prime factors of q(z)?
3, 5
List the prime factors of ((-8)/4)/(-2) + 30.
31
Suppose -8*c = -4*c - 172. What are the prime factors of c?
43
Let d = 179 - 88. List the prime factors of d.
7, 13
Suppose -4*m = -3*m - 7. List the prime factors of (-510)/(-21) + (-2)/m.
2, 3
Let b = -67 - -172. What are the prime factors of b?
3, 5, 7
Suppose 5*g + 3*w = 30, -4*g + 25 = g + 2*w. Suppose j - 6*b - 3 = -10*b, -g*j = 4*b - 9. List the prime factors of j.
3
Suppose 6*p = p + 150. Let x = p + -7. List the prime factors of x.
23
Let m(o) = 7*o - 5*o - 4*o. What are the prime factors of m(-3)?
2, 3
Let u(z) be the third derivative of z**4/24 + 2*z**3 + 4*z**2. What are the prime factors of u(-6)?
2, 3
Suppose -4*c = 5*y - 41, -3*y + 2*y + 5 = 0. Suppose -3*u = 0, -b + c = b + 2*u. List the prime factors of b.
2
Let v be (-4916)/(-28) + 3/7. Suppose g = 5*g - v. List the prime factors of g.
2, 11
Let b = -57 + 88. Let d = -14 + b. What are the prime factors of d?
17
Suppose 0*y = -3*y + 60. List the prime factors of 9/3*y/6.
2, 5
Suppose -1 - 51 = -4*q. List the prime factors of q.
13
Suppose -2*m - 5*i = 3*m - 100, -20 = -2*m + 2*i. Suppose 0 = -7*j + 8*j - m. List the prime factors of j.
3, 5
Let g = -45 - -79. List the prime factors of g.
2, 17
Let m = 15 + 13. What are the prime factors of m?
2, 7
Suppose -3*c + 92 + 94 = 0. What are the prime factors of c?
2, 31
Let f = -2 + -7. What are the prime factors of (-3)/(f/6) + 1?
3
Let a(h) = -h - 12. Let f be a(-12). Suppose f = m + 2*m - 75. What are the prime factors of m?
5
Let s(t) be the second derivative of -t**4/4 - t**3/3 + 3*t. Let x be s(-2). Let a(r) = -r**2 - 7*r + 10. What are the prime factors of a(x)?
2
Let v = -32 - -22. Let t(f) = -f**2 + 2*f - 2. Let z be t(5). Let q = v - z. What are the prime factors of q?
7
Suppose 0*r + 24 = 2*r. List the prime factors of r.
2, 3
Let r = 3 + 2. Suppose -r*w + 7 = -3. List the prime factors of w.
2
Suppose 51 = 3*q + g + 16, 5*q - 57 = -2*g. Suppose j + 0 = q. Let f = j + -8. List the prime factors of f.
5
Suppose -5*x - 5*g + 20 = 0, 2*x + g = -x + 4. Suppose -a - 2*a - 12 = x. Let z = a - -10. What are the prime factors of z?
2, 3
Let z = 240 - 118. What are the prime factors of z?
2, 61
Let d(z) = -2*z**3 + z**2 - 3*z - 1. List the prime factors of d(-3).
71
List the prime factors of (-1392)/(-30) - (-4)/(-10).
2, 23
What are the prime factors of 1 + 200 - (-12 - -18)?
3, 5, 13
Let l(z) = -4*z + 4. What are the prime factors of l(-10)?
2, 11
Let u(d) = -d**2 + 7*d + 4. Let x = 2 - -5. Let q be u(x). Suppose -f = 4*f + q*k - 10, 5*f - 10 = 5*k. What are the prime factors of f?
2
Let g(j) = -j**3 + 7*j**2 - 2. Let n be g(7). Let q(x) = -x**2 - 3*x + 1. List the prime factors of q(n).
3
Suppose 18 = 2*m - 2*y + 3*y, -10 = -2*m + y. List the prime factors of 166/m + 6/21.
2, 3
Let a be 1*((-12)/(-3) - 1). Let z(o) = -3*o**3 - 4 + 2*o**3 + 8*o + o**2 + a*o**2. What are the prime factors of z(5)?
11
Let o(h) = 4*h**2 - 3. Let k(m) = 7*m**2 - 5. Let c(u) = -6*k(u) + 11*o(u). List the prime factors of c(-4).
29
Let h(f) = -2*f**3 + 6*f**2 - f + 1. Let z be h(5). List the prime factors of z/(-6) + 4/(-12).
17
Let w be 4/(-2) + 1 - -7. List the prime factors of 1/2 - (-105)/w.
2, 3
Let c = 13 + -8. Suppose 0 = -c*x + x - 5*o + 56, o = 0. What are the prime factors of x?
2, 7
Suppose 5*r + 5*g - 355 = 0, -3*r + 4*g = 2*g - 218. List the prime factors of r.
2, 3
What are the prime factors of (0 - 3 - -6)*18?
2, 3
Suppose -4*w + s = 40, 50 = -7*w + 2*w - 3*s. Let p = 39 + -59. List the prime factors of 4/w*(0 + p).
2
Suppose -o - 3*z - z - 19 = 0, -5*o = -4*z + 47. Let n = -3 - o. List the prime factors of n.
2
Suppose 3*f + 8 - 47 = 0. List the prime factors of f.
13
Suppose -2*l + 3 + 5 = 0. Suppose 0 = 4*v - 4, v + 23 = -5*t + l*v. Let w = t - -17. List the prime factors of w.
13
Let v = 0 + 0. Suppose v = 2*n + 3*n - 160. S